9
What is the units digit of 711?
1
What is the thousands digit of 9382?
9
What is the tens digit of 788?
8
What is the thousands digit of 82776?
2
What is the hundreds digit of 1742?
7
What is the units digit of 829?
9
What is the tens digit of 13506?
0
What is the tens digit of 8322?
2
What is the tens digit of 6268?
6
What is the hundreds digit of 801?
8
What is the tens digit of 187545?
4
What is the units digit of 247?
7
What is the tens digit of 9423?
2
What is the tens digit of 4940?
4
What is the ten thousands digit of 12194?
1
What is the tens digit of 23020?
2
What is the tens digit of 28?
2
What is the hundreds digit of 1501?
5
What is the tens digit of 19293?
9
What is the hundreds digit of 14152?
1
What is the thousands digit of 1280?
1
What is the thousands digit of 1593?
1
What is the units digit of 101?
1
What is the tens digit of 29427?
2
What is the units digit of 5458?
8
What is the hundreds digit of 241?
2
What is the thousands digit of 35921?
5
What is the units digit of 6893?
3
What is the ten thousands digit of 16872?
1
What is the thousands digit of 22327?
2
What is the units digit of 1589?
9
What is the units digit of 1176?
6
What is the hundreds digit of 4804?
8
What is the hundreds digit of 7773?
7
What is the ten thousands digit of 45739?
4
What is the hundreds digit of 491?
4
What is the tens digit of 575?
7
What is the hundreds digit of 956?
9
What is the thousands digit of 11899?
1
What is the thousands digit of 60859?
0
What is the thousands digit of 8152?
8
What is the tens digit of 1563?
6
What is the hundreds digit of 2618?
6
What is the thousands digit of 13880?
3
What is the tens digit of 4698?
9
What is the thousands digit of 5138?
5
What is the thousands digit of 6455?
6
What is the units digit of 5346?
6
What is the units digit of 2696?
6
What is the units digit of 37148?
8
What is the tens digit of 856?
5
What is the units digit of 3518?
8
What is the hundreds digit of 10976?
9
What is the tens digit of 6928?
2
What is the ten thousands digit of 31226?
3
What is the units digit of 112?
2
What is the units digit of 5236?
6
What is the ten thousands digit of 10145?
1
What is the tens digit of 8298?
9
What is the ten thousands digit of 12607?
1
What is the hundred thousands digit of 143474?
1
What is the tens digit of 353?
5
What is the units digit of 650?
0
What is the thousands digit of 61303?
1
What is the units digit of 290?
0
What is the tens digit of 924?
2
What is the ten thousands digit of 98203?
9
What is the tens digit of 48051?
5
What is the hundreds digit of 373?
3
What is the hundreds digit of 10253?
2
What is the units digit of 3022?
2
What is the thousands digit of 21672?
1
What is the tens digit of 1396?
9
What is the tens digit of 60?
6
What is the units digit of 7021?
1
What is the units digit of 6823?
3
What is the hundreds digit of 48602?
6
What is the tens digit of 2613?
1
What is the units digit of 471?
1
What is the units digit of 975?
5
What is the units digit of 17130?
0
What is the hundreds digit of 26998?
9
What is the tens digit of 27720?
2
What is the units digit of 1230?
0
What is the ten thousands digit of 22424?
2
What is the ten thousands digit of 12006?
1
What is the thousands digit of 60536?
0
What is the hundreds digit of 546?
5
What is the units digit of 1797?
7
What is the tens digit of 1190?
9
What is the units digit of 3114?
4
What is the thousands digit of 2388?
2
What is the tens digit of 169369?
6
What is the hundreds digit of 36003?
0
What is the units digit of 77066?
6
What is the units digit of 6115?
5
What is the units digit of 1502?
2
What is the tens digit of 315?
1
What is the hundreds digit of 3412?
4
What is the units digit of 78?
8
What is the tens digit of 5055?
5
What is the hundreds digit of 592?
5
What is the hundreds digit of 652?
6
What is the tens digit of 595?
9
What is the units digit of 7571?
1
What is the tens digit of 380?
8
What is the hundreds digit of 62356?
3
What is the tens digit of 8014?
1
What is the tens digit of 33939?
3
What is the thousands digit of 10951?
0
What is the hundreds digit of 490?
4
What is the tens digit of 706?
0
What is the tens digit of 7484?
8
What is the hundreds digit of 31441?
4
What is the thousands digit of 2478?
2
What is the hundred thousands digit of 163378?
1
What is the hundreds digit of 32847?
8
What is the tens digit of 777?
7
What is the units digit of 30?
0
What is the tens digit of 45728?
2
What is the ten thousands digit of 19099?
1
What is the units digit of 1338?
8
What is the hundreds digit of 22216?
2
What is the units digit of 14992?
2
What is the units digit of 4770?
0
What is the units digit of 1749?
9
What is the ten thousands digit of 78873?
7
What is the units digit of 131?
1
What is the hundreds digit of 31000?
0
What is the thousands digit of 4640?
4
What is the thousands digit of 21124?
1
What is the tens digit of 300?
0
What is the thousands digit of 2825?
2
What is the thousands digit of 3317?
3
What is the tens digit of 902?
0
What is the units digit of 179788?
8
What is the tens digit of 1866?
6
What is the units digit of 9100?
0
What is the tens digit of 922?
2
What is the hundreds digit of 23795?
7
What is the tens digit of 392?
9
What is the hundreds digit of 266?
2
What is the units digit of 85094?
4
What is the ten thousands digit of 42128?
4
What is the tens digit of 28573?
7
What is the ten thousands digit of 26754?
2
What is the tens digit of 6444?
4
What is the ten thousands digit of 14597?
1
What is the thousands digit of 173863?
3
What is the hundreds digit of 15615?
6
What is the units digit of 64765?
5
What is the tens digit of 881?
8
What is the thousands digit of 2911?
2
What is the hundreds digit of 37927?
9
What is the units digit of 5538?
8
What is the thousands digit of 2854?
2
What is the units digit of 8160?
0
What is the hundreds digit of 19043?
0
What is the tens digit of 12784?
8
What is the hundreds digit of 52117?
1
What is the tens digit of 35692?
9
What is the tens digit of 785?
8
What is the units digit of 28311?
1
What is the units digit of 5732?
2
What is the tens digit of 96?
9
What is the thousands digit of 5606?
5
What is the ten thousands digit of 11120?
1
What is the units digit of 31633?
3
What is the units digit of 2463?
3
What is the units digit of 303?
3
What is the tens digit of 5387?
8
What is the units digit of 38500?
0
What is the thousands digit of 76019?
6
What is the units digit of 17871?
1
What is the ten thousands digit of 13940?
1
What is the thousands digit of 1539?
1
What is the units digit of 445?
5
What is the units digit of 6071?
1
What is the tens digit of 140?
4
What is the hundreds digit of 5749?
7
What is the units digit of 17582?
2
What is the thousands digit of 3255?
3
What is the units digit of 41739?
9
What is the thousands digit of 2969?
2
What is the tens digit of 27755?
5
What is the tens digit of 1303?
0
What is the hundreds digit of 432?
4
What is the tens digit of 336?
3
What is the units digit of 993?
3
What is the hundreds digit of 582?
5
What is the thousands digit of 65749?
5
What is the tens digit of 8265?
6
What is the units digit of 55614?
4
What is the tens digit of 47307?
0
What is the hundreds digit of 822?
8
What is the ten thousands digit of 38957?
3
What is the thousands digit of 28620?
8
What is the hundreds digit of 4955?
9
What is the units digit of 51638?
8
What is the thousands digit of 2701?
2
What is the thousands digit of 139159?
9
What is the tens digit of 48?
4
What is the tens digit of 38050?
5
What is the hundreds digit of 1002?
0
What is the tens digit of 312?
1
What is the hundreds digit of 4623?
6
What is the units digit of 2275?
5
What is the hundreds digit of 14623?
6
What is the hundreds digit of 8085?
0
What is the units digit of 10445?
5
What is the units digit of 759?
9
What is the thousands digit of 12715?
2
What is the hundreds digit of 2082?
0
What is the hundreds digit of 84492?
4
What is the thousands digit of 1795?
1
What is the thousands digit of 1789?
1
What is the hundreds digit of 44814?
8
What is the hundreds digit of 381?
3
What is the units digit of 5850?
0
What is the tens digit of 4150?
5
What is the thousands digit of 59218?
9
What is the hundreds digit of 609